f 29?
29
List the prime factors of 1037.
17, 61
What are the prime factors of 4349?
4349
What are the prime factors of 4833?
3, 179
What are the prime factors of 2940?
2, 3, 5, 7
What are the prime factors of 2081?
2081
What are the prime factors of 162?
2, 3
List the prime factors of 8671.
13, 23, 29
List the prime factors of 3591.
3, 7, 19
List the prime factors of 8044.
2, 2011
List the prime factors of 233.
233
What are the prime factors of 6460?
2, 5, 17, 19
List the prime factors of 4402.
2, 31, 71
List the prime factors of 804.
2, 3, 67
What are the prime factors of 54254?
2, 27127
List the prime factors of 14594.
2, 7297
List the prime factors of 546.
2, 3, 7, 13
List the prime factors of 29058.
2, 3, 29, 167
What are the prime factors of 1857?
3, 619
What are the prime factors of 48?
2, 3
What are the prime factors of 12998?
2, 67, 97
List the prime factors of 2739.
3, 11, 83
What are the prime factors of 1168?
2, 73
List the prime factors of 29842.
2, 43, 347
What are the prime factors of 64940?
2, 5, 17, 191
What are the prime factors of 47255?
5, 13, 727
List the prime factors of 24934.
2, 7, 13, 137
What are the prime factors of 4545?
3, 5, 101
What are the prime factors of 6557?
79, 83
What are the prime factors of 10131?
3, 11, 307
List the prime factors of 2287.
2287
What are the prime factors of 16044?
2, 3, 7, 191
What are the prime factors of 1394?
2, 17, 41
What are the prime factors of 6914?
2, 3457
What are the prime factors of 426?
2, 3, 71
What are the prime factors of 294?
2, 3, 7
List the prime factors of 118812.
2, 3, 9901
What are the prime factors of 6940?
2, 5, 347
List the prime factors of 3648.
2, 3, 19
List the prime factors of 828.
2, 3, 23
What are the prime factors of 16999?
89, 191
What are the prime factors of 21164?
2, 11, 13, 37
What are the prime factors of 9131?
23, 397
List the prime factors of 4308.
2, 3, 359
List the prime factors of 1196.
2, 13, 23
What are the prime factors of 1151?
1151
List the prime factors of 5788.
2, 1447
What are the prime factors of 707?
7, 101
List the prime factors of 48464.
2, 13, 233
List the prime factors of 1787.
1787
List the prime factors of 447.
3, 149
List the prime factors of 23744.
2, 7, 53
List the prime factors of 1526.
2, 7, 109
List the prime factors of 64450.
2, 5, 1289
List the prime factors of 725.
5, 29
What are the prime factors of 20398?
2, 7, 31, 47
List the prime factors of 28566.
2, 3, 23
What are the prime factors of 143799?
3, 47933
List the prime factors of 690.
2, 3, 5, 23
List the prime factors of 30473.
31, 983
List the prime factors of 4515.
3, 5, 7, 43
List the prime factors of 1822.
2, 911
What are the prime factors of 739?
739
List the prime factors of 2304.
2, 3
List the prime factors of 1397.
11, 127
What are the prime factors of 78524?
2, 67, 293
What are the prime factors of 1845?
3, 5, 41
What are the prime factors of 72885?
3, 5, 43, 113
What are the prime factors of 55777?
17, 193
What are the prime factors of 5992?
2, 7, 107
What are the prime factors of 564?
2, 3, 47
List the prime factors of 1467.
3, 163
What are the prime factors of 13514?
2, 29, 233
What are the prime factors of 21742?
2, 7, 1553
What are the prime factors of 5257?
7, 751
What are the prime factors of 18088?
2, 7, 17, 19
List the prime factors of 5818.
2, 2909
List the prime factors of 651.
3, 7, 31
List the prime factors of 2998.
2, 1499
List the prime factors of 32125.
5, 257
What are the prime factors of 658?
2, 7, 47
What are the prime factors of 117930?
2, 3, 5, 3931
List the prime factors of 1839.
3, 613
What are the prime factors of 52?
2, 13
What are the prime factors of 74154?
2, 3, 17, 727
List the prime factors of 475.
5, 19
List the prime factors of 2824.
2, 353
What are the prime factors of 120112?
2, 7507
List the prime factors of 10212.
2, 3, 23, 37
What are the prime factors of 2283?
3, 761
What are the prime factors of 10050?
2, 3, 5, 67
What are the prime factors of 80021?
80021
What are the prime factors of 591?
3, 197
List the prime factors of 7044.
2, 3, 587
What are the prime factors of 1870?
2, 5, 11, 17
What are the prime factors of 13747?
59, 233
What are the prime factors of 3114?
2, 3, 173
List the prime factors of 6703.
6703
What are the prime factors of 44098?
2, 17, 1297
List the prime factors of 1379.
7, 197
What are the prime factors of 174?
2, 3, 29
What are the prime factors of 25818?
2, 3, 13, 331
List the prime factors of 24160.
2, 5, 151
What are the prime factors of 204?
2, 3, 17
What are the prime factors of 57597?
3, 73, 263
What are the prime factors of 126650?
2, 5, 17, 149
What are the prime factors of 72825?
3, 5, 971
What are the prime factors of 1663?
1663
What are the prime factors of 56009?
56009
What are the prime factors of 5704?
2, 23, 31
List the prime factors of 42072.
2, 3, 1753
What are the prime factors of 28?
2, 7
What are the prime factors of 18910?
2, 5, 31, 61
What are the prime factors of 1311?
3, 19, 23
List the prime factors of 654.
2, 3, 109
List the prime factors of 1283.
1283
What are the prime factors of 78201?
3, 8689
List the prime factors of 52727.
52727
What are the prime factors of 56647?
37, 1531
List the prime factors of 28553.
7, 4079
List the prime factors of 54188.
2, 19, 23, 31
List the prime factors of 2439.
3, 271
List the prime factors of 21993.
3, 7331
List the prime factors of 9194.
2, 4597
List the prime factors of 28027.
28027
What are the prime factors of 2769?
3, 13, 71
List the prime factors of 32175.
3, 5, 11, 13
List the prime factors of 7282.
2, 11, 331
What are the prime factors of 9613?
9613
List the prime factors of 355.
5, 71
List the prime factors of 8302.
2, 7, 593
What are the prime factors of 16657?
16657
What are the prime factors of 752?
2, 47
What are the prime factors of 645?
3, 5, 43
What are the prime factors of 18321?
3, 31, 197
List the prime factors of 78990.
2, 3, 5, 2633
List the prime factors of 56177.
11, 5107
What are the prime factors of 10261?
31, 331
List the prime factors of 142.
2, 71
List the prime factors of 3817.
11, 347
What are the prime factors of 17289?
3, 17, 113
List the prime factors of 9681.
3, 7, 461
What are the prime factors of 8331?
3, 2777
List the prime factors of 214.
2, 107
What are the prime factors of 1719?
3, 191
List the prime factors of 1612.
2, 13, 31
What are the prime factors of 23013?
3, 2557
What are the prime factors of 95025?
3, 5, 7, 181
List the prime factors of 81.
3
What are the prime factors of 40081?
149, 269
What are the prime factors of 2502?
2, 3, 139
What are the prime factors of 1267?
7, 181
What are the prime factors of 41577?
3, 13859
What are the prime factors of 1078?
2, 7, 11
List the prime factors of 1429.
1429
What are the prime factors of 11460?
2, 3, 5, 191
List the prime factors of 13503.
3, 7, 643
List the prime factors of 1219.
23, 53
List the prime factors of 920.
2, 5, 23
List the prime factors of 370.
2, 5, 37
What are the prime factors of 29544?
2, 3, 1231
List the prime factors of 5955.
3, 5, 397
List the prime factors of 7866.
2, 3, 19, 23
What are the prime factors of 4057?
4057
What are the prime factors of 1452?
2, 3, 11
What are the prime factors of 1583?
1583
List the prime factors of 5228.
2, 1307
What are the prime factors of 18687?
3, 6229
List the prime factors of 3327.
3, 1109
What are the prime factors of 439?
439
List the prime factors of 3950.
2, 5, 79
List the prime factors of 5891.
43, 137
List the prime factors of 7872.
2, 3, 41
What are the prime factors of 2169?
3, 241
What are the prime factors of 106906?
2, 53453
What are the prime factors of 20233?
20233
List the prime factors of 7612.
2, 11, 173
List the prime factors of 1562.
2, 11, 71
What are the prime factors of 41406?
2, 3, 67, 103
What are the prime factors of 172905?
3, 5, 11527
List the prime factors of 13581.
3, 503
What are the prime factors of 6333?
3, 2111
List the prime factors of 9803.
9803
What are the prime factors of 1131?
3, 13, 29
List the prime factors of 1171.
1171
What are the prime factors of 10817?
29, 373
What are the prime factors of 9020?
2, 5, 11, 41
List the prime factors of 8467.
8467
List the prime factors of 10408.
2, 1301
List the prime factors of 688.
2, 43
What are the prime 